igit of l?
8
Let y = 634 + -281. What is the hundreds digit of y?
3
Let r(f) = -f**3 + 9*f**2 - f + 3. Let p be r(9). Let c = -2 - p. What is the units digit of 11/(c/(-8)*-1)?
2
Let z = 27 + -23. Suppose 0 = -z*a + 10*a - 24. What is the units digit of a/(-8)*-8 + 48?
2
Let s(z) = 3*z**2 + 2*z - 5. Let b be s(-5). Suppose 5*a = a + b. What is the tens digit of a?
1
Let s(t) = t. Let l(f) = -14*f - 5. Let w(m) = l(m) - 4*s(m). What is the tens digit of w(-2)?
3
Suppose -3*t - 3*n - 8 = n, 2*t = 4*n + 28. Suppose -l + 169 = -5*i, -2*l + 125*i + 324 = 129*i. What is the tens digit of ((-6)/t)/((-6)/l)?
4
Suppose -3*o + 4 = 5*y, -3*o - 7 = -y - 17. Suppose 237 = o*v - 3*f, 4*f + 40 = -2*v + 198. What is the tens digit of v?
7
Let z(l) = 1708*l**2 + 5*l + 5. What is the tens digit of z(-1)?
0
Let t be -1 - (2 + (6 - -2)). Suppose 3*c - 9 - 36 = 0. Let o = c + t. What is the units digit of o?
4
Let k = -6 + -9. Let g(y) be the second derivative of y**4/12 + 7*y**3/3 + 4*y**2 + 5*y. What is the units digit of g(k)?
3
Let q(i) be the third derivative of -i**6/120 - i**5/15 + i**4/8 + 2*i**3/3 - 2*i**2. Let z be q(-5). Suppose z = 2*s - 16. What is the tens digit of s?
1
Suppose 0 = 253*q - 236*q - 6069. What is the units digit of q?
7
Let q be (-4)/(-1) + 1 + 20. What is the tens digit of (-176)/10*q/(-10)?
4
Suppose -57 = -b - 2*b. Let p = 88 - 80. Let v = b - p. What is the units digit of v?
1
Let q(c) = -6*c**3 + c**2 - 2*c + 1. Let f be q(1). What is the tens digit of (28/f)/(1/(-12))?
5
Suppose 5*z + 18 = -27. Let j = z + 38. Suppose 5*h + j - 73 = -4*n, -2*h - 88 = -5*n. What is the tens digit of n?
1
Let p be ((-21)/(-28))/((-3)/48*-6). Suppose -150 = -h - p*z + 44, -385 = -2*h - z. What is the units digit of h?
2
Suppose -4*w = -w - 4*x + 167, -x + 103 = -2*w. Let k = -9 - w. What is the units digit of ((-108)/45)/((-3)/k)?
2
Let s = 71 + -67. Suppose -103 = 4*d - p - 395, 4*p = -s*d + 312. What is the units digit of d?
4
Let a be (22/8)/(3*(-3)/(-324)). Let o = a - 59. What is the tens digit of o?
4
Let a = -37 + 40. Let t be -2*233*4/(-8). Suppose -74 = a*x - t. What is the tens digit of x?
5
Let j be (-10)/55 - (-42)/(-11). Let s(c) = -c - 3. Let t(f) = f + 3. Let o(w) = 3*s(w) + 2*t(w). What is the units digit of o(j)?
1
Let p be -25*(-2*1)/(-2). Suppose 2*c - 5*n - 34 + 11 = 0, 5*c = 2*n + 89. Let i = c - p. What is the tens digit of i?
4
Let q(i) = -9*i + 1. Let b be q(1). Let j = b - -4. Let d(h) = -h - 1. What is the units digit of d(j)?
3
Let b be (-2)/9 - 3800/(-90). Suppose 3*c - 2*u = 150, c + 2*u = -0*c + b. What is the units digit of c?
8
Let q(i) = -i**2 - 8*i - 5. Let m be (-9)/45 + (-68)/10. Let h be q(m). Suppose -h*y + 14 - 4 = 0. What is the units digit of y?
5
Let d(u) = u**3 + 8*u**2 + 8*u + 11. Let q be d(-7). Suppose -3*k = -q*v - 172 + 35, -k - 4*v + 19 = 0. What is the tens digit of k?
3
Let v = -103 - -13. Let q = 149 + v. What is the tens digit of q?
5
Suppose 4*w + 560 + 286 = 2*h, -2*w + 2 = 0. What is the tens digit of h?
2
What is the hundreds digit of (170 - 1 - 6)*5?
8
Let s = -268 - -331. What is the units digit of s?
3
Suppose p + 5*b - 42 = 0, 0 = 5*p - 0*p + 2*b - 95. Let i = -13 + p. Suppose 175 = 5*d - i*m + 22, 35 = d - 3*m. What is the units digit of d?
9
Let b be (-1)/3*(1 - 1). Let x be (b - 4/(-6))*6. Suppose 9*m - 155 = x*m. What is the units digit of m?
1
Let i = -204 + 348. Suppose -l - i = 3*l. Let p = -16 - l. What is the tens digit of p?
2
Suppose -3*a - 2567 = -4*y, 911 + 370 = 2*y - a. What is the hundreds digit of y?
6
Let j be 2/((-4)/(-82)) + -1. Let w = 15 - j. Let i = -4 - w. What is the tens digit of i?
2
Suppose 4*w - d - 3 = 0, -w + d = -3*w - 3. Let n(k) = 20 - 3*k + 4*k - 2*k**2 + 3*k**2. What is the units digit of n(w)?
0
Let c(h) = 3*h - 7. Let y be c(5). Suppose -12*z + 4 + 32 = 0. Suppose 5*n = x + 224, -y = -n - z*x + 24. What is the units digit of n?
4
Let g(z) = 64*z + 17. Let f(x) = x. Let d(y) = -5*f(y) + g(y). What is the hundreds digit of d(3)?
1
Suppose -36 = -u - 4*r + 40, -r = -3*u + 267. Let o = u - 39. What is the tens digit of o?
4
Let k be (11 - -2)*(2 - 1). Suppose -5*s + 38 = k. Suppose -3*h - s*o + 50 = -24, 0 = -2*h + 3*o + 43. What is the tens digit of h?
2
Suppose -5*i - 17 = -37. Suppose -43 - 33 = -i*p. What is the units digit of p?
9
Let a = -41 + 19. Let r = a + 10. Let c(m) = m**2 + 12*m + 11. What is the units digit of c(r)?
1
Let j(x) = x. Let l be j(6). Suppose -l*s + 225 = -s. What is the tens digit of s?
4
Suppose 0 = 2*o - 0*o + 10. Let g(s) = -s**3 - s**2 - 3*s - 6. What is the tens digit of g(o)?
0
Let r be (1 - 0)/((-11)/(-44)). Suppose 0 = 5*u - y - 265, -2*u - 6*y + r*y = -118. What is the units digit of u?
4
Suppose 0 = -5*y - 37 - 13. Suppose -8*o - 60 = 3*p - 3*o, -4*p - 88 = 4*o. What is the units digit of (-5)/p - 188/y?
9
Let a = 73 + -63. What is the units digit of 15/a*(60/(-9))/(-5)?
2
Let s(u) = 66*u + 888. What is the hundreds digit of s(-11)?
1
Let t(w) = 9*w - 12. Let q(l) = -l**3 + 8*l**2 + 10*l - 4. Suppose 2*d = -8, -5*r + 2*r = 2*d - 19. Let m be q(r). What is the units digit of t(m)?
3
Let o(g) = -g**2 - 8*g + 5. Let m be o(-8). Suppose -4*t + m*h = -59, -3 = -t - h + 14. What is the tens digit of t?
1
Suppose 3*l + 1988 = 7*l. What is the tens digit of l?
9
Let y(r) = -r**2 - 15*r - 12. Let w = -13 - -3. What is the units digit of y(w)?
8
Suppose 79*w = 83*w - 10704. What is the units digit of w?
6
Let g(j) = 2*j**3 - 2*j**2 - 6*j. Let l be g(3). Suppose -20*z = -l*z - 46. What is the tens digit of z?
2
Let k be 0/(-1) - (0 + -80). Let x be (15/(-4))/((-3)/k). Suppose 4*f + 60 = 3*m, -4*f - f = 5*m - x. What is the units digit of m?
0
What is the hundreds digit of (-50)/40 + (-5810)/(-8) + 1?
7
Let h(i) = 295*i + 164. What is the units digit of h(10)?
4
Suppose 0 = 12*k - 9072 + 3396. What is the units digit of k?
3
Let z be ((-102)/(-4))/(6/16). Suppose -2*y + 48 = -z. Suppose p - 3*p = -y. What is the units digit of p?
9
Suppose 2*w + 2*w = -3*c + 2356, -w = -3*c - 604. What is the hundreds digit of w?
5
Let m be (-1 - 0)/(6/(-12)). Suppose 2*p + 2*y + 12 = 0, -m*p - 2*y = -4*y. What is the tens digit of (-8 + (0 - p))*-3?
1
Suppose 5*j + 60 = j. What is the units digit of (-812)/(-35)*j/(-6)?
8
Suppose 0 = -2*a + 4*p + 314, 4*a + 2*p - 892 = -244. What is the units digit of a?
1
Let p(v) be the third derivative of -v**4/24 + 2*v**3/3 - 9*v**2. Let a be p(6). Let f(x) = -x**3 - 2*x**2 - 2*x - 3. What is the units digit of f(a)?
1
Suppose -a - 390 = -6*a. Suppose 0*h - 3*h + a = 0. What is the units digit of h?
6
Suppose 9*y = 4319 + 37. What is the tens digit of y?
8
Let i = -9 - 3. Let v be i/(-28) + 12/21. Suppose 3*l + 4*t + 7 = 0, -7 = -4*l - t + v. What is the units digit of l?
3
Let y(l) = 3*l - 89. Let u(v) = v - 30. Let x(a) = 8*u(a) - 3*y(a). Suppose 0*m + d = -m + 6, -2*d + 45 = 5*m. What is the tens digit of x(m)?
1
Let r be -7 + 11 + (-4)/2. Let z be 10/5 - (-34)/r. Let a = z - -12. What is the tens digit of a?
3
Let b be (-4 - -2)/(6/513*-3). Let s = b + 117. What is the tens digit of s?
7
Let f = 359 + -215. Suppose 5*k - f = 4*v, -5*k - 5*v = -24 - 111. What is the units digit of k?
8
Suppose 0 = -t - 3*t - 16, 282 = 5*l - 3*t. Let s be ((-36)/l)/((-1)/(-63)). Let o = s - -74. What is the tens digit of o?
3
Let n(m) = -m**3 - 5*m**2 + 4*m + 7. Suppose 2*k + 5 = -9. What is the units digit of n(k)?
7
Suppose 224*z + 22080 = 229*z. What is the tens digit of z?
1
Let r = 74 - 45. Let m = 37 - r. What is the tens digit of (m*8)/(4 - 3)?
6
Let p = 7438 - 3310. What is the thousands digit of p?
4
Let t(f) = f**3 + f**2 + 53. Let d be t(0). Let j = d - -17. What is the tens digit of j?
7
Suppose 0 = 32*m - 45*m + 11830. What is the units digit of m?
0
Let x be (25/75)/((-1)/(-12)). Suppose -2*p + 12 = 2*p. Suppose 4*u = o - 4, x*o = p*o - 3*u + 39. What is the tens digit of o?
2
Let i be 10/(6 - (-12)/(-3)). Let z be (-4 - -4)/(1 + 0). Suppose z = -i*y + 81 + 114. What is the units digit of y?
9
Suppose -5*g + 3*d = -105, -21 = -3*d - 6. Let i(m) = -m**2 + 27*m - 25. What is the units digit of i(g)?
7
Suppose 4*c - 41 = 5*l, 6 = 4*c - l + 3*l. Suppose u = -c*u + 500. What is the tens digit of u?
0
Let j = 61